 j(27)?
0
Let o(v) = 3*v**3 - 4*v**2 + 13*v - 8. Determine o(4).
172
Let h(b) = 169*b - 62. What is h(-3)?
-569
Let p(o) = -3*o**3 - 8*o**2 - 14*o + 3. What is p(-2)?
23
Let p(r) = r**2 + 381*r - 2698. Calculate p(7).
18
Let j(s) = -605*s - 3639. Determine j(-6).
-9
Let k(l) = -2*l**3 - 23*l**2 - 32*l - 26. Determine k(-10).
-6
Let n(r) = -922*r + 91273. Give n(99).
-5
Let r(t) = -561*t - 8975. Determine r(-16).
1
Let x(n) = 28*n**2 + 1058*n - 233. Calculate x(-38).
-5
Let q(p) = -p**3 - 100*p**2 + 255*p + 15575. Determine q(-101).
21
Let h(v) = v**3 + 17*v**2 + 42*v - 8. Determine h(-14).
-8
Let v(d) = -5*d**3 + 28*d**2 + 41. Give v(6).
-31
Let o(s) = s**2 + 1520*s - 6110. Calculate o(4).
-14
Let z(n) = -n**2 + 2*n + 43. What is z(-7)?
-20
Let z(j) = -123*j**3 - 2*j**2 + 93*j - 92. Calculate z(1).
-124
Let l(g) = -g**2 - 6*g + 139. Give l(12).
-77
Let a(b) = 2*b**3 + 41*b**2 + 19*b + 213. Determine a(-20).
233
Let v(o) = 96*o**2 - 30*o + 29. Calculate v(1).
95
Let d(l) = -2*l**3 + 44*l**2 - 82*l + 86. Determine d(20).
46
Let q(z) = 393*z - 5464. Give q(14).
38
Let l(k) = 13*k - 66. Give l(7).
25
Let g(y) = 3*y**3 - 12*y**2 - 111*y + 440. Calculate g(4).
-4
Let h(c) = c**3 + 20*c**2 + 74*c + 43. Give h(-15).
58
Let m(k) = 172*k - 3277. Determine m(19).
-9
Let l(y) = 2*y - 46. Calculate l(17).
-12
Let c(n) = -3*n**3 - 36*n**2 - 2. Give c(-12).
-2
Let p(y) = 3*y**3 + 36*y**2 + 9*y + 28. Calculate p(-12).
-80
Let l(a) = -a - 59. Give l(-38).
-21
Let d(i) = -2*i**3 + 374*i**2 + 4357*i - 214. What is d(198)?
-16
Let i(s) = s**2 - 44*s - 238. What is i(42)?
-322
Let n(s) = 3*s**2 + 412*s + 1224. Give n(-3).
15
Let h(r) = -35*r - 7204. Give h(-206).
6
Let m(f) = -15*f - 112. Calculate m(-7).
-7
Let f(q) = -3*q**3 - 82*q**2 - 15*q + 332. What is f(-27)?
8
Let l(z) = z**3 + 25*z**2 + 10*z + 273. Give l(-25).
23
Let x(u) = -58*u**2 + 302*u + 30. Determine x(7).
-698
Let v(x) = 15*x**2 + 139*x + 39. Calculate v(-9).
3
Let h(n) = -8*n - 60. What is h(-10)?
20
Let j(d) = -6*d**2 + 11*d - 13. Calculate j(-9).
-598
Let d(z) = z**2 - 280*z + 3999. What is d(15)?
24
Let r(w) = 2354*w + 16489. What is r(-7)?
11
Let a(z) = -2*z**3 - 124*z**2 - 10*z - 615. Give a(-62).
5
Let y(b) = -2*b**2 - 68*b - 525. Determine y(-12).
3
Let d(z) = -z**2 + 20*z + 20. Give d(0).
20
Let w(r) = 6443*r + 51549. Determine w(-8).
5
Let o(l) = l**3 - 109*l**2 - 338*l + 217. Determine o(112).
-7
Let c(a) = 2*a**2 - 26*a + 108. Determine c(5).
28
Let c(b) = -66*b - 1148. Calculate c(-16).
-92
Let c(g) = -398*g + 2746. Calculate c(6).
358
Let x(i) = 15*i**3 + 2702*i**2 + 358*i - 354. Give x(-180).
6
Let g(q) = -3*q**2 - 22*q - 8. Give g(-7).
-1
Let j(z) = -12*z**2 - 93*z + 1296. What is j(-15)?
-9
Let o(v) = -319*v + 37. Give o(2).
-601
Let p(w) = 2*w**3 + 21*w**2 + 46*w + 345. Determine p(-10).
-15
Let a(v) = v**3 - v**2 - 2*v - 6. Determine a(4).
34
Let g(h) = 123*h + 147. Give g(2).
393
Let i(h) = -2*h**3 - 74*h**2 + 36. Calculate i(-37).
36
Let l(g) = -16*g - 104. Give l(-9).
40
Let g(s) = 2*s**2 + 23*s + 56. Give g(-4).
-4
Let q(d) = -d**2 + 12*d - 99. Determine q(7).
-64
Let u(q) = -3*q**2 - 331*q - 421. Calculate u(-109).
15
Let o(y) = -19*y + 165. Give o(-5).
260
Let c(v) = 19*v - 161. Determine c(10).
29
Let w(v) = -4*v. What is w(-31)?
124
Let p(v) = -v**3 - 16*v**2 + 17*v - 187. Calculate p(-19).
573
Let d(w) = -140*w - 129. Determine d(-1).
11
Let k(v) = -57*v**2 + 343*v - 5. What is k(6)?
1
Let x(s) = 8*s - 467. What is x(59)?
5
Let s(w) = -2*w**2 + 17206*w - 34414. Determine s(2).
-10
Let f(q) = -q**3 + 5*q**2 + 57*q - 188. Determine f(3).
1
Let j(q) = -243*q + 3647. Determine j(15).
2
Let w(z) = -49*z - 8. Determine w(0).
-8
Let p(v) = 2921*v + 11663. Give p(-4).
-21
Let n(o) = 26*o + 16. Determine n(0).
16
Let v(g) = 61*g + 2014. Give v(-46).
-792
Let w(p) = p**3 + 39*p**2 + 145*p - 313. Calculate w(-6).
5
Let t(l) = -l**2 - 95*l - 979. Give t(-44).
1265
Let p(f) = -f**3 - 28*f**2 + 7*f + 194. Give p(-28).
-2
Let q(m) = m - 120. Give q(-66).
-186
Let m(y) = -414*y - 1232. Calculate m(-3).
10
Let j(f) = f**2 + 3*f - 199. Give j(-13).
-69
Let z(w) = 103*w + 1335. Calculate z(-13).
-4
Let r(x) = -64*x**3 - 3*x**2 - 2*x + 3. What is r(1)?
-66
Let c(w) = -768*w - 6150. Give c(-8).
-6
Let b(d) = 2393*d - 7174. Give b(3).
5
Let m(t) = t**2 - 164*t + 6203. What is m(105)?
8
Let v(q) = 2*q**2 + 12*q + 8. Determine v(-6).
8
Let t(l) = 14*l**2 + 68*l - 1737. What is t(9)?
9
Let i(v) = v**3 - 101*v**2 - 420*v + 29. Give i(105).
29
Let a(s) = 2*s - 3. Determine a(6).
9
Let y(t) = 61*t - 1491. What is y(26)?
95
Let a(l) = -157*l + 4047. Give a(26).
-35
Let i(r) = r**3 - 9*r**2 - 22*r + 61. Give i(11).
61
Let t(h) = 191*h + 748. Determine t(-4).
-16
Let y(z) = 2025*z - 6103. What is y(3)?
-28
Let h(f) = -6*f**2 - 109*f + 82. Determine h(-19).
-13
Let c(x) = -3*x**2 + 302*x + 2605. Calculate c(-8).
-3
Let w(a) = -9*a**2 + 436*a - 191. Calculate w(48).
1
Let n(g) = -g**2 + 42*g + 4048. What is n(-46)?
0
Let u(h) = -179*h - 729. Determine u(-4).
-13
Let i(u) = -6*u**2 - 150*u + 147. Determine i(-26).
-9
Let r(x) = 279*x + 10939. Give r(-39).
58
Let r(v) = -78*v - 1809. Determine r(-26).
219
Let t(o) = o**3 - 146*o**2 - 451*o + 595. Give t(149).
-1
Let d(x) = -19*x**2 - 33*x + 69. Determine d(-4).
-103
Let r(f) = f**3 - 47*f**2 + 41*f + 198. Determine r(46).
-32
Let q(y) = 6*y**2 + 335*y + 311. Determine q(-55).
36
Let o(k) = 3*k**2 - 42*k + 27. What is o(13)?
-12
Let q(l) = l - 149. What is q(8)?
-141
Let h(m) = -m**3 + 57*m**2 - 39*m - 955. Give h(56).
-3
Let n(t) = -t**3 - 15*t**2 + 74*t - 26. What is n(-19)?
12
Let g(a) = 46*a**3 + 5*a**2 + 10*a + 5. Calculate g(-1).
-46
Let k(z) = 9*z**2 + 321*z - 425. Determine k(-37).
19
Let n(f) = f**3 + 16*f**2 - 7*f - 102. Give n(-16).
10
Let k(f) = -9*f**3 - 12*f**2 - 2. Give k(0).
-2
Let t(i) = -i**3 + 7*i**2 - 12*i + 6. Calculate t(6).
-30
Let q(y) = -y**2 + 22*y + 560. What is q(41)?
-219
Let p(z) = -317*z - 21222. Calculate p(-67).
17
Let r(z) = 15*z**2 + 745*z - 214. Determine r(-50).
36
Let m(b) = -3*b**2 + 34*b - 42. Give m(10).
-2
Let d(p) = -16*p + 164. What is d(10)?
4
Let u(g) = g + 41. Give u(-35).
6
Let m(n) = -12*n**2 + 36*n + 12. Calculate m(4).
-36
Let i(a) = a**3 - 84*a**2 + 246*a - 221. What is i(81)?
22
Let p(j) = -51*j + 617. Calculate p(13).
-46
Let i(u) = 2252*u + 13510. Determine i(-6).
-2
Let j(h) = -h**3 + 119*h**2 + 96*h - 11423. Calculate j(119).
1
Let k(x) = -6*x**2 - 52*x - 202. Calculate k(-4).
-90
Let y(i) = 7*i - 48. What is y(31)?
169
Let q(b) = -160*b**2 - 34083*b - 627. Calculate q(-213).
12
Let i(c) = -5*c**2 - 29*c + 56. Give i(3).
-76
Let f(x) = 6*x**2 - 1149*x + 565. Determine f(191).
-8
Let p(m) = m**2 + 37*m + 153. Give p(-8).
-79
Let r(h) = -13*h + 229. Determine r(6).
151
Let z(s) = s**3 + 40*s**2 - 69*s - 1145. Give z(-41).
3
Let d(f) = -f**3 - 69*f**2 + 1161*f - 69. Give d(-83).
14
Let a(i) = 2*i - 125. What is a(14)?
-97
Let n(a) = a**3 + 13*a**2 + 11*a - 107. What is n(-12)?
-95
Let q(b) = -b**3 + 59*b**2 + 44*b + 961. Give q(60).
1
Let j(p) = 212*p + 1279. Calculate j(-6).
7
Let j(w) = -w**3 + 3*w**2 + 145. What is j(0)?
145
Let l(m) = -1354*m - 13543. Give l(-10).
-3
Let d(k) = -6*k**2 - 312*k - 1885. What is d(-45)?
5
Let b(o) = -o**3 - 12*o**2 - 26*o - 11. Calculate b(-5).
-56
Let k(w) = w**3 - 15*w**2 + 39*w + 19. Calculate k(12).
55
Let n(x) = -x**3 - 83*x**2 + 168*x - 165. Give n(-85).
5
Let r(c) = -1689*c + 6754. What is r(4)?
-2
Let o(c) = -76*c**2 - 86*c + 87. Give o(1).
-75
Let h(a) = 35*a + 1154. Calculate h(-33).
-1
Let q(p) = -37*p + 329. What is q(9)?
-4
Let o(h) = 7*h**2 + 259*h - 1054. Give o(4).
94
Let j(r) = 3*r**3 + 4*r**2 + 7*r + 21. Determine j(-3).
-45
Let y(g) = 490*g + 21560. What is y(-44)?
0
Let p(d) = -2*d**3 + 38*d**2 - 66*d + 38. Determine p(17).
72
Let o(q) = 354*q + 712. Give o(-2).
4
Let p(u) = -25*u - 13171. Determine p(-527).
4
Let j(g) = g**2 + 44*g + 356. What is j(-33)?
-7
Let f(s) = 2*s**2 + 112*s + 1373. Give f(-37).
-33
Let c(z) = z**2 + 283*z + 2461. Calculate c(-9).
-5
Let x(j) = j**3 - 2*j**2 - 4*j - 23. Determine x(0).
-23
Let w(z) = 345*z**2 + 6*z - 5. Give w(1).
346
Let u(k) = k**3 + 19*k**2 + 24*k - 547. Determine u(-15).
-7
Let d(k) = -8*k**2 - 17